{"id":10,"date":"2022-05-05T17:33:29","date_gmt":"2022-05-05T17:33:29","guid":{"rendered":"https:\/\/geologos.us.edu.pl\/?page_id=10"},"modified":"2022-08-25T11:06:25","modified_gmt":"2022-08-25T11:06:25","slug":"geologos","status":"publish","type":"page","link":"https:\/\/geologos.us.edu.pl\/","title":{"rendered":"Geologos"},"content":{"rendered":"<div class=\"wp-block-image\">\n<figure class=\"aligncenter size-large is-resized\"><img loading=\"lazy\" decoding=\"async\" src=\"https:\/\/geologos.us.edu.pl\/wp-content\/uploads\/2022\/05\/3-1024x256.png\" alt=\"\" class=\"wp-image-178\" width=\"1202\" height=\"301\" srcset=\"https:\/\/geologos.us.edu.pl\/wp-content\/uploads\/2022\/05\/3-1024x256.png 1024w, https:\/\/geologos.us.edu.pl\/wp-content\/uploads\/2022\/05\/3-300x75.png 300w, https:\/\/geologos.us.edu.pl\/wp-content\/uploads\/2022\/05\/3-768x192.png 768w, https:\/\/geologos.us.edu.pl\/wp-content\/uploads\/2022\/05\/3-1536x384.png 1536w, https:\/\/geologos.us.edu.pl\/wp-content\/uploads\/2022\/05\/3.png 1584w\" sizes=\"auto, (max-width: 1202px) 100vw, 1202px\" \/><\/figure><\/div>\n\n<p>Mi\u0119dzynarodowa konferencja GEOlogos sk\u0142ada si\u0119 z trzech cz\u0119\u015bci:&nbsp;<\/p>\n<ol>\n<li>\u201eGlottodydaktyka w dobie kryzysu klimatycznego&#8221; (1. dzie\u0144)<\/li>\n<li>\u201eHumanistyka w epoce antropocenu\u201d (2. dzie\u0144)<\/li>\n<li>\u201eEdukacja w dobie antropocenu\u201d (3. dzie\u0144)<\/li>\n<\/ol>\n<p>Tytu\u0142 konferencji nie tylko metaforycznie \u0142\u0105czy zupe\u0142nie r\u00f3\u017cne skale czasowe: histori\u0119 cz\u0142owieka i histori\u0119 geologii, ale r\u00f3wnie\u017c wskazuje potrzeb\u0119 zmiany narracji o \u015bwiecie i naturze. Idea antropocenu wpisana w tytu\u0142 konferencji inspiruje nie tylko&nbsp;geolog\u00f3w, klimatolog\u00f3w, przyrodnik\u00f3w i innych badaczy nauk o systemie Ziemi, ale r\u00f3wnie\u017c humanist\u00f3w.<\/p>\n<p>Projekt ma charakter mi\u0119dzydyscyplinarny i mi\u0119dzynarodowy, a jego celem jest namys\u0142 nad miejscem oraz rol\u0105 nowoczesnej humanistyki i edukacji humanistycznej mierz\u0105cej si\u0119 z problemami wsp\u00f3\u0142czesnego \u015bwiata: kryzysem klimatycznym, katastrof\u0105 ekologiczn\u0105 czy uchod\u017astwem klimatycznym. To w\u0142a\u015bnie edukacja, w tym humanistyczna, znalaz\u0142a si\u0119 w niezwykle interesuj\u0105cym momencie, w kt\u00f3rym dochodzi do zmiany paradygmat\u00f3w opowie\u015bci o \u015bwiecie, podaj\u0105cych w w\u0105tpliwo\u015b\u0107 obowi\u0105zuj\u0105cy dot\u0105d antropocentryczny punkt widzenia. Czy i jak edukacja humanistyczna reaguje na prze\u0142amywanie dualizmu cz\u0142owiek-przyroda? Czy zapobiegaj\u0105c kolejnym kryzysom, g\u0142osi has\u0142a sprawczo\u015bci, wolno\u015bci, odpowiedzialno\u015bci&nbsp; sprawiedliwo\u015bci?&nbsp;<\/p>\n<p>Celem konferencji GEOlogos jest namys\u0142 nad przysz\u0142o\u015bci\u0105 humanistyki oraz edukacji humanistycznej i pok\u0142adanej w niej nadziei na stworzenie projektu mog\u0105cego przezwyci\u0119\u017cy\u0107 \u201ekryzysy planetarne\u201d.<\/p>\n<p>Konferencj\u0119 GEOlogos zaplanowano wed\u0142ug uk\u0142adu: wyk\u0142ad inauguracyjny, panel ekspert\u00f3w, sesje referatowe, sesja posterowa i&nbsp;<i>open space<\/i>&nbsp;\u2013 po\u015bwi\u0119cony wypracowaniu postulat\u00f3w, kierunk\u00f3w rozwoju i nakre\u015bleniu nowych obszar\u00f3w badawczych dla humanistyki. Dzi\u0119ki takim formom pracy wzmocni si\u0119 komunikacja mi\u0119dzydyscyplinowa nauk humanistycznych, przyrodniczych, spo\u0142ecznych czy nauk o sztuce.<\/p>\n<p>Wyst\u0105pienia opublikowane zostan\u0105 w czasopi\u015bmie punktowanym (\u201ePostscriptum Polonistyczne\u201d) wydawanym przez Uniwersytet \u015al\u0105ski. Zapisy audiowizualne wyk\u0142ad\u00f3w i paneli konferencyjnych oraz materia\u0142 z wypracowanymi rekomendacjami na temat edukacji humanistycznej publikowane b\u0119d\u0105 na niniejszej stronie w zak\u0142adce ARCHIWUM.<\/p>","protected":false},"excerpt":{"rendered":"<p>Mi\u0119dzynarodowa konferencja GEOlogos sk\u0142ada si\u0119 z trzech cz\u0119\u015bci:&nbsp; \u201eGlottodydaktyka w dobie kryzysu klimatycznego&#8221; (1. dzie\u0144) \u201eHumanistyka w epoce antropocenu\u201d (2. dzie\u0144) \u201eEdukacja w dobie antropocenu\u201d (3. dzie\u0144) Tytu\u0142 konferencji nie tylko metaforycznie \u0142\u0105czy zupe\u0142nie r\u00f3\u017cne skale czasowe: histori\u0119 cz\u0142owieka i histori\u0119 geologii, ale r\u00f3wnie\u017c wskazuje potrzeb\u0119 zmiany narracji o \u015bwiecie i naturze. Idea antropocenu wpisana &#8230; <a title=\"Geologos\" class=\"read-more\" href=\"https:\/\/geologos.us.edu.pl\/\" aria-label=\"Wi\u0119cej na Geologos\">Dowiedz si\u0119 wi\u0119cej<\/a> <\/p>\n<p class=\"read-more-button-container\"><a class=\"button\" href=\"https:\/\/geologos.us.edu.pl\/\">Dowiedz si\u0119 wi\u0119cej<\/a><\/p>\n","protected":false},"author":2,"featured_media":0,"parent":8,"menu_order":0,"comment_status":"closed","ping_status":"closed","template":"","meta":{"footnotes":""},"class_list":["post-10","page","type-page","status-publish"],"_links":{"self":[{"href":"https:\/\/geologos.us.edu.pl\/index.php\/wp-json\/wp\/v2\/pages\/10","targetHints":{"allow":["GET"]}}],"collection":[{"href":"https:\/\/geologos.us.edu.pl\/index.php\/wp-json\/wp\/v2\/pages"}],"about":[{"href":"https:\/\/geologos.us.edu.pl\/index.php\/wp-json\/wp\/v2\/types\/page"}],"author":[{"embeddable":true,"href":"https:\/\/geologos.us.edu.pl\/index.php\/wp-json\/wp\/v2\/users\/2"}],"replies":[{"embeddable":true,"href":"https:\/\/geologos.us.edu.pl\/index.php\/wp-json\/wp\/v2\/comments?post=10"}],"version-history":[{"count":20,"href":"https:\/\/geologos.us.edu.pl\/index.php\/wp-json\/wp\/v2\/pages\/10\/revisions"}],"predecessor-version":[{"id":317,"href":"https:\/\/geologos.us.edu.pl\/index.php\/wp-json\/wp\/v2\/pages\/10\/revisions\/317"}],"up":[{"embeddable":true,"href":"https:\/\/geologos.us.edu.pl\/index.php\/wp-json\/wp\/v2\/pages\/8"}],"wp:attachment":[{"href":"https:\/\/geologos.us.edu.pl\/index.php\/wp-json\/wp\/v2\/media?parent=10"}],"curies":[{"name":"wp","href":"https:\/\/api.w.org\/{rel}","templated":true}]}}

<div class="wp-block-image">
<figure class="aligncenter size-large is-resized"><img loading="lazy" decoding="async" src="https://geologos.us.edu.pl/wp-content/uploads/2022/05/3-1024x256.png" alt="" class="wp-image-178" width="1202" height="301" srcset="https://geologos.us.edu.pl/wp-content/uploads/2022/05/3-1024x256.png 1024w, https://geologos.us.edu.pl/wp-content/uploads/2022/05/3-300x75.png 300w, https://geologos.us.edu.pl/wp-content/uploads/2022/05/3-768x192.png 768w, https://geologos.us.edu.pl/wp-content/uploads/2022/05/3-1536x384.png 1536w, https://geologos.us.edu.pl/wp-content/uploads/2022/05/3.png 1584w" sizes="auto, (max-width: 1202px) 100vw, 1202px" /></figure></div>

<p>Międzynarodowa konferencja GEOlogos składa się z trzech części:&nbsp;</p>
<ol>
<li>„Glottodydaktyka w dobie kryzysu klimatycznego&#8221; (1. dzień)</li>
<li>„Humanistyka w epoce antropocenu” (2. dzień)</li>
<li>„Edukacja w dobie antropocenu” (3. dzień)</li>
</ol>
<p>Tytuł konferencji nie tylko metaforycznie łączy zupełnie różne skale czasowe: historię człowieka i historię geologii, ale również wskazuje potrzebę zmiany narracji o świecie i naturze. Idea antropocenu wpisana w tytuł konferencji inspiruje nie tylko&nbsp;geologów, klimatologów, przyrodników i innych badaczy nauk o systemie Ziemi, ale również humanistów.</p>
<p>Projekt ma charakter międzydyscyplinarny i międzynarodowy, a jego celem jest namysł nad miejscem oraz rolą nowoczesnej humanistyki i edukacji humanistycznej mierzącej się z problemami współczesnego świata: kryzysem klimatycznym, katastrofą ekologiczną czy uchodźstwem klimatycznym. To właśnie edukacja, w tym humanistyczna, znalazła się w niezwykle interesującym momencie, w którym dochodzi do zmiany paradygmatów opowieści o świecie, podających w wątpliwość obowiązujący dotąd antropocentryczny punkt widzenia. Czy i jak edukacja humanistyczna reaguje na przełamywanie dualizmu człowiek-przyroda? Czy zapobiegając kolejnym kryzysom, głosi hasła sprawczości, wolności, odpowiedzialności&nbsp; sprawiedliwości?&nbsp;</p>
<p>Celem konferencji GEOlogos jest namysł nad przyszłością humanistyki oraz edukacji humanistycznej i pokładanej w niej nadziei na stworzenie projektu mogącego przezwyciężyć „kryzysy planetarne”.</p>
<p>Konferencję GEOlogos zaplanowano według układu: wykład inauguracyjny, panel ekspertów, sesje referatowe, sesja posterowa i&nbsp;<i>open space</i>&nbsp;– poświęcony wypracowaniu postulatów, kierunków rozwoju i nakreśleniu nowych obszarów badawczych dla humanistyki. Dzięki takim formom pracy wzmocni się komunikacja międzydyscyplinowa nauk humanistycznych, przyrodniczych, społecznych czy nauk o sztuce.</p>
<p>Wystąpienia opublikowane zostaną w czasopiśmie punktowanym („Postscriptum Polonistyczne”) wydawanym przez Uniwersytet Śląski. Zapisy audiowizualne wykładów i paneli konferencyjnych oraz materiał z wypracowanymi rekomendacjami na temat edukacji humanistycznej publikowane będą na niniejszej stronie w zakładce ARCHIWUM.</p>

<p>Międzynarodowa konferencja GEOlogos składa się z trzech części:&nbsp; „Glottodydaktyka w dobie kryzysu klimatycznego&#8221; (1. dzień) „Humanistyka w epoce antropocenu” (2. dzień) „Edukacja w dobie antropocenu” (3. dzień) Tytuł konferencji nie tylko metaforycznie łączy zupełnie różne skale czasowe: historię człowieka i historię geologii, ale również wskazuje potrzebę zmiany narracji o świecie i naturze. Idea antropocenu wpisana &#8230; <a title="Geologos" class="read-more" href="https://geologos.us.edu.pl/" aria-label="Więcej na Geologos">Dowiedz się więcej</a> </p>
<p class="read-more-button-container"><a class="button" href="https://geologos.us.edu.pl/">Dowiedz się więcej</a></p>
