{"id":22,"date":"2022-05-05T17:41:29","date_gmt":"2022-05-05T17:41:29","guid":{"rendered":"https:\/\/geologos.us.edu.pl\/?page_id=22"},"modified":"2022-06-02T11:04:24","modified_gmt":"2022-06-02T11:04:24","slug":"dzien-1","status":"publish","type":"page","link":"https:\/\/geologos.us.edu.pl\/index.php\/program\/dzien-1\/","title":{"rendered":"Dzie\u0144 2"},"content":{"rendered":"\n<p><strong>Humanistyka w epoce antropocenu&nbsp;<\/strong><\/p>\n\n\n\n<p><strong>02.06.2022&nbsp;<\/strong><\/p>\n\n\n\n<p><strong>Otwarcie konferencji 9:00\u20139:30<\/strong><\/p>\n\n\n\n<p><strong>Prowadzenie: prof. dr hab. Bernadeta Niesporek-Szamburska, Dyrektorka Interdyscyplinarnego Centrum Bada\u0144 nad Edukacj\u0105 Humanistyczn\u0105 U\u015a<\/strong><\/p>\n\n\n\n<p>JM Rektor U\u015a \u2013 prof. dr hab. Ryszard Kozio\u0142ek<br>KRASP \u2013 prof. dr hab. Wies\u0142aw Bany\u015b (Przewodnicz\u0105cy Zespo\u0142u Bolo\u0144skiego KRASP)<br>Klub My\u015bli Ekologicznej \u2013 prof. dr hab. Piotr Skuba\u0142a&nbsp;<\/p>\n\n\n\n<p><strong>9:30\u201310:15 Wyk\u0142ad inauguracyjny<\/strong>:&nbsp;<\/p>\n\n\n\n<p>prof. dr hab. Magdalena \u015aroda (UW) \u201eKoniec antropocenu? Nadzieje posthumanizmu\u201d<\/p>\n\n\n\n<p><strong>10:15 \u2013 11:45 Humanistyka w czasach antropocenu \u2013 panel ekspercki<\/strong><\/p>\n\n\n\n<p>dr hab. Micha\u0142 Krzykawski, prof. U\u015a<br>dr hab. Urszula Zaj\u0105czkowska, prof. SGGW&nbsp;<br>Filip Springer (Szko\u0142a Ekopoetyki)<br>prof. dr hab. Ma\u0142gorzata Sugiera (UJ)<br>prof. dr hab. Przemys\u0142aw Czapli\u0144ski (UAM)<\/p>\n\n\n\n<p>Prowadzenie: dr hab. Marta Tomczok, prof. U\u015a<\/p>\n\n\n\n<p><strong>Na Ziemi&nbsp;<\/strong><br><strong>12:00\u201313:20 referaty<\/strong><br><strong>13:20\u201313:45 dyskusja<\/strong><\/p>\n\n\n\n<p>dr hab.&nbsp; Justyna Tymieniecka-Suchanek, prof. U\u015a \u201eZwierz\u0119 jako istota poznaj\u0105ca, prze\u017cywaj\u0105ca i dzia\u0142aj\u0105ca, czyli raz jeszcze o podmiotowo\u015bci\u201d<br>dr hab. Anita Jarzyna, prof. U\u0141 \u201eKonstruowanie nieludzkiej niepe\u0142nosprawno\u015bci\u201d<br>mgr Krzysztof Ma\u0142ek \u201eZwierz\u0119ca eseistyka Tatiany Goriczewej. Bestiariusz czy hagiografia?\u201d<br>Komentarz dra hab. Tomasza Pietrzykowskiego, prof. U\u015a&nbsp;<\/p>\n\n\n\n<p>Prowadzenie: dr hab. Anna Ka\u0142u\u017ca, prof. U\u015a<\/p>\n\n\n\n<p><strong>W Ziemi&nbsp;<\/strong><br><strong>13:45\u201315:05 referaty<\/strong><br><strong>15:05\u201315:30 dyskusja<\/strong><\/p>\n\n\n\n<p>prof. dr hab. Janusz Janeczek \u201eKarbo\u0144ski \u015blad antropocenu\u201d<br>dr hab. Marta Tomczok, prof. U\u015a \u201eW\u0119giel przysz\u0142o\u015bci. Artystyczno-spo\u0142eczne praktyki upami\u0119tniania pomnik\u00f3w ostatniej tony\u201d<br>dr Diana Lelonek \u201eBadania artystyczne w mapowaniu zjawisk antropocenu\u201d<br>dr Weronika Siupka \u201eAuto-da-f\u00e9\u201d<\/p>\n\n\n\n<p>Prowadzenie: dr hab. Wojciech \u015amieja, prof. U\u015a<\/p>\n\n\n\n<p><strong>Nowe narracje i nowe filozofie<\/strong><br><strong>15:30\u201316:50 referaty&nbsp;<\/strong><br><strong>16:50\u201317:15 dyskusja<\/strong><br><strong>Cz\u0119\u015b\u0107 I<\/strong><\/p>\n\n\n\n<p>dr Monika Rogowska-Stangret \u201eOpowiedzie\u0107 \u015bwiat <em>inaczej<\/em>. O relacyjnych narracjach w czasach \u201eantropocenu\u201d<br>dr Patryk Szaj \u201eJ\u0119zyki antropocenu we wsp\u00f3\u0142czesnej poezji polskiej\u201d<br>dr Anna Barcz \u201eAkwakrytyka i nowe zapytanie o rzeki w antropocenie\u201d<br>mgr Micha\u0142 Krot&nbsp; \u201e\u015awiat jako rozszerzenie podmiotu, czy przedmiot w \u015bwiecie przedmiot\u00f3w? Analiza por\u00f3wnawcza dw\u00f3ch przeciwstawnych strategii my\u015blenia o posthumanistycznym \u015bwiecie\u201d<\/p>\n\n\n\n<p>Prowadzenie: dr hab.&nbsp;Dobros\u0142awa<em>&nbsp;<\/em>W\u0119\u017cowicz-Zi\u00f3\u0142kowska, prof. U\u015a<\/p>\n\n\n\n<p><strong>17:15\u201318:15 referaty<\/strong><br><strong>18:15\u201318:30 dyskusja&nbsp;<\/strong><br><strong>Cz\u0119\u015b\u0107 II<\/strong><\/p>\n\n\n\n<p>dr hab. Pawe\u0142 Tomczok, prof. U\u015a \u201eLiteratura wczesnego polskiego antropocenu\u201d<br>prof. dr hab. Marek Oziewicz \u201eLiteratura jako technologia kszta\u0142towania ekocentrycznej przysz\u0142o\u015bci. Kr\u00f3tka refleksja o planetarianizmie, alternatywach dla ideologii ekstazy ko\u0144ca,&nbsp;i roli narracji w edukacji klimatycznej\u201d<br>dr hab. Magdalena Steci\u0105g, prof. UZ \u201e<em>Co\u015b jest ze \u015bwiatem nie tak<\/em>. Mowa noblowska Olgi Tokarczuk w perspektywie ekolingwistyki zaanga\u017cowanej, czyli o warto\u015bciach i antywarto\u015bciach w kontek\u015bcie zachowania \u017cycia na Ziemi\u201d<\/p>\n\n\n\n<p>Prowadzenie: dr hab. Iwona Gralewicz-Wolny, prof. U\u015a<\/p>\n\n\n\n<p><strong>18:30 \u2013 20:30<\/strong><br><strong>Sesja posterowa<\/strong><\/p>\n\n\n\n<p>mgr Ewelina Zygan (U\u015a) \u201eFilozoficzne korelacje (eko)logiczne a polonistyczna edukacja licealna\u201d<br>mgr Sandra Kaszubowska (UG) \u201e<em>Pan Tadeusz<\/em>\u00a0i polowanie\u201d<br>Aleksandra Lange (U\u015a)\u00a0 \u201eHistoria szopienickiej epidemii o\u0142owicy w odniesieniu do wsp\u00f3\u0142czesnych reali\u00f3w \u015al\u0105ska w edukacji\u00a0polonistycznej\u201d<br>Ma\u0142gorzata Figura (U\u015a) \u201eDziecko w katastrofie klimatycznej \u2013 \u015bwiadek, ofiara, aktywista\u201d<br>Ewelina Kuta\u015b (U\u015a) \u201eCo my\u015bl\u0105 i czuj\u0105 zwierz\u0119ta w <em>Quo vadis<\/em>? O Sienkiewiczowskim cyrku Nerona\u201d<br>Julia Szewc (Polska) i Alina Zhbadynska (Ukraina) \u201eEko brutalizm \u2013 nadzieja dla przyrody?\u201d<br>Kamilla Gicala (U\u015a) \u201e<em>Ania z Zielonego Wzg\u00f3rza<\/em>. W kr\u0119gu nieatropocentrycznej refleksji o \u015bwiecie\u201d<br>Alicja Wosik (U\u015a), Andrzej Handzlik (U\u015a) \u201e<em>O kraju \u015bwiadcz\u0105 jego Zwierz\u0119ta<\/em>. Propozycje lekcji ekologicznych dla uczni\u00f3w szk\u00f3\u0142 podstawowych\u201d<br>Amanda Caban (U\u015a) \u201eI \u017cyli d\u0142ugo i szcz\u0119\u015bliwie\u2026 i w futerku, i z planami na przysz\u0142o\u015b\u0107. Storytelling w reklamach proklimatycznych\u201d<br>Joanna Urba\u0144czyk (UJ) \u201eWizerunek drzew \u2013 literackie ekokszta\u0142cenie w edukacji polonistycznej\u201d<br>mgr Justyna Szewczyk (SP nr 1 im. J. Korczaka w Paw\u0142owicach) &#8222;<em>Oswoi\u0107<\/em> natur\u0119 czy by\u0107 przez ni\u0105 <em>oswojonym<\/em>? Dylematy ekologiczne na podstawie tekst\u00f3w epickich i lirycznych (<em>Ma\u0142y Ksi\u0105\u017c\u0119<\/em> i <em>Liryki loza\u0144skie<\/em>)&#8221;<br>Natalia Zientek\u00a0 (U\u015a) Anita Zaklukiewicz (U\u015a) &#8222;Interpretacja obraz\u00f3w na lekcjach j\u0119zyka polskiego z wykorzystaniem wiedzy z zakresu ekologii<em>&#8222;<\/em><\/p>\n\n\n\n<p>Prowadzenie: dr hab. Ma\u0142gorzata W\u00f3jcik-Dudek, prof. U\u015a<\/p>\n","protected":false},"excerpt":{"rendered":"<p>Humanistyka w epoce antropocenu&nbsp; 02.06.2022&nbsp; Otwarcie konferencji 9:00\u20139:30 Prowadzenie: prof. dr hab. Bernadeta Niesporek-Szamburska, Dyrektorka Interdyscyplinarnego Centrum Bada\u0144 nad Edukacj\u0105 Humanistyczn\u0105 U\u015a JM Rektor U\u015a \u2013 prof. dr hab. Ryszard Kozio\u0142ekKRASP \u2013 prof. dr hab. Wies\u0142aw Bany\u015b (Przewodnicz\u0105cy Zespo\u0142u Bolo\u0144skiego KRASP)Klub My\u015bli Ekologicznej \u2013 prof. dr hab. Piotr Skuba\u0142a&nbsp; 9:30\u201310:15 Wyk\u0142ad inauguracyjny:&nbsp; prof. dr hab. &#8230; <a title=\"Dzie\u0144 2\" class=\"read-more\" href=\"https:\/\/geologos.us.edu.pl\/index.php\/program\/dzien-1\/\" aria-label=\"Wi\u0119cej na Dzie\u0144 2\">Dowiedz si\u0119 wi\u0119cej<\/a> <\/p>\n<p class=\"read-more-button-container\"><a class=\"button\" href=\"https:\/\/geologos.us.edu.pl\/index.php\/program\/dzien-1\/\">Dowiedz si\u0119 wi\u0119cej<\/a><\/p>\n","protected":false},"author":2,"featured_media":0,"parent":20,"menu_order":0,"comment_status":"closed","ping_status":"closed","template":"","meta":{"footnotes":""},"class_list":["post-22","page","type-page","status-publish"],"_links":{"self":[{"href":"https:\/\/geologos.us.edu.pl\/index.php\/wp-json\/wp\/v2\/pages\/22","targetHints":{"allow":["GET"]}}],"collection":[{"href":"https:\/\/geologos.us.edu.pl\/index.php\/wp-json\/wp\/v2\/pages"}],"about":[{"href":"https:\/\/geologos.us.edu.pl\/index.php\/wp-json\/wp\/v2\/types\/page"}],"author":[{"embeddable":true,"href":"https:\/\/geologos.us.edu.pl\/index.php\/wp-json\/wp\/v2\/users\/2"}],"replies":[{"embeddable":true,"href":"https:\/\/geologos.us.edu.pl\/index.php\/wp-json\/wp\/v2\/comments?post=22"}],"version-history":[{"count":26,"href":"https:\/\/geologos.us.edu.pl\/index.php\/wp-json\/wp\/v2\/pages\/22\/revisions"}],"predecessor-version":[{"id":282,"href":"https:\/\/geologos.us.edu.pl\/index.php\/wp-json\/wp\/v2\/pages\/22\/revisions\/282"}],"up":[{"embeddable":true,"href":"https:\/\/geologos.us.edu.pl\/index.php\/wp-json\/wp\/v2\/pages\/20"}],"wp:attachment":[{"href":"https:\/\/geologos.us.edu.pl\/index.php\/wp-json\/wp\/v2\/media?parent=22"}],"curies":[{"name":"wp","href":"https:\/\/api.w.org\/{rel}","templated":true}]}}

Dzień 2

<p><strong>Humanistyka w epoce antropocenu&nbsp;</strong></p>



<p><strong>02.06.2022&nbsp;</strong></p>



<p><strong>Otwarcie konferencji 9:00–9:30</strong></p>



<p><strong>Prowadzenie: prof. dr hab. Bernadeta Niesporek-Szamburska, Dyrektorka Interdyscyplinarnego Centrum Badań nad Edukacją Humanistyczną UŚ</strong></p>



<p>JM Rektor UŚ – prof. dr hab. Ryszard Koziołek<br>KRASP – prof. dr hab. Wiesław Banyś (Przewodniczący Zespołu Bolońskiego KRASP)<br>Klub Myśli Ekologicznej – prof. dr hab. Piotr Skubała&nbsp;</p>



<p><strong>9:30–10:15 Wykład inauguracyjny</strong>:&nbsp;</p>



<p>prof. dr hab. Magdalena Środa (UW) „Koniec antropocenu? Nadzieje posthumanizmu”</p>



<p><strong>10:15 – 11:45 Humanistyka w czasach antropocenu – panel ekspercki</strong></p>



<p>dr hab. Michał Krzykawski, prof. UŚ<br>dr hab. Urszula Zajączkowska, prof. SGGW&nbsp;<br>Filip Springer (Szkoła Ekopoetyki)<br>prof. dr hab. Małgorzata Sugiera (UJ)<br>prof. dr hab. Przemysław Czapliński (UAM)</p>



<p>Prowadzenie: dr hab. Marta Tomczok, prof. UŚ</p>



<p><strong>Na Ziemi&nbsp;</strong><br><strong>12:00–13:20 referaty</strong><br><strong>13:20–13:45 dyskusja</strong></p>



<p>dr hab.&nbsp; Justyna Tymieniecka-Suchanek, prof. UŚ „Zwierzę jako istota poznająca, przeżywająca i działająca, czyli raz jeszcze o podmiotowości”<br>dr hab. Anita Jarzyna, prof. UŁ „Konstruowanie nieludzkiej niepełnosprawności”<br>mgr Krzysztof Małek „Zwierzęca eseistyka Tatiany Goriczewej. Bestiariusz czy hagiografia?”<br>Komentarz dra hab. Tomasza Pietrzykowskiego, prof. UŚ&nbsp;</p>



<p>Prowadzenie: dr hab. Anna Kałuża, prof. UŚ</p>



<p><strong>W Ziemi&nbsp;</strong><br><strong>13:45–15:05 referaty</strong><br><strong>15:05–15:30 dyskusja</strong></p>



<p>prof. dr hab. Janusz Janeczek „Karboński ślad antropocenu”<br>dr hab. Marta Tomczok, prof. UŚ „Węgiel przyszłości. Artystyczno-społeczne praktyki upamiętniania pomników ostatniej tony”<br>dr Diana Lelonek „Badania artystyczne w mapowaniu zjawisk antropocenu”<br>dr Weronika Siupka „Auto-da-fé”</p>



<p>Prowadzenie: dr hab. Wojciech Śmieja, prof. UŚ</p>



<p><strong>Nowe narracje i nowe filozofie</strong><br><strong>15:30–16:50 referaty&nbsp;</strong><br><strong>16:50–17:15 dyskusja</strong><br><strong>Część I</strong></p>



<p>dr Monika Rogowska-Stangret „Opowiedzieć świat <em>inaczej</em>. O relacyjnych narracjach w czasach „antropocenu”<br>dr Patryk Szaj „Języki antropocenu we współczesnej poezji polskiej”<br>dr Anna Barcz „Akwakrytyka i nowe zapytanie o rzeki w antropocenie”<br>mgr Michał Krot&nbsp; „Świat jako rozszerzenie podmiotu, czy przedmiot w świecie przedmiotów? Analiza porównawcza dwóch przeciwstawnych strategii myślenia o posthumanistycznym świecie”</p>



<p>Prowadzenie: dr hab.&nbsp;Dobrosława<em>&nbsp;</em>Wężowicz-Ziółkowska, prof. UŚ</p>



<p><strong>17:15–18:15 referaty</strong><br><strong>18:15–18:30 dyskusja&nbsp;</strong><br><strong>Część II</strong></p>



<p>dr hab. Paweł Tomczok, prof. UŚ „Literatura wczesnego polskiego antropocenu”<br>prof. dr hab. Marek Oziewicz „Literatura jako technologia kształtowania ekocentrycznej przyszłości. Krótka refleksja o planetarianizmie, alternatywach dla ideologii ekstazy końca,&nbsp;i roli narracji w edukacji klimatycznej”<br>dr hab. Magdalena Steciąg, prof. UZ „<em>Coś jest ze światem nie tak</em>. Mowa noblowska Olgi Tokarczuk w perspektywie ekolingwistyki zaangażowanej, czyli o wartościach i antywartościach w kontekście zachowania życia na Ziemi”</p>



<p>Prowadzenie: dr hab. Iwona Gralewicz-Wolny, prof. UŚ</p>



<p><strong>18:30 – 20:30</strong><br><strong>Sesja posterowa</strong></p>



<p>mgr Ewelina Zygan (UŚ) „Filozoficzne korelacje (eko)logiczne a polonistyczna edukacja licealna”<br>mgr Sandra Kaszubowska (UG) „<em>Pan Tadeusz</em> i polowanie”<br>Aleksandra Lange (UŚ)  „Historia szopienickiej epidemii ołowicy w odniesieniu do współczesnych realiów Śląska w edukacji polonistycznej”<br>Małgorzata Figura (UŚ) „Dziecko w katastrofie klimatycznej – świadek, ofiara, aktywista”<br>Ewelina Kutaś (UŚ) „Co myślą i czują zwierzęta w <em>Quo vadis</em>? O Sienkiewiczowskim cyrku Nerona”<br>Julia Szewc (Polska) i Alina Zhbadynska (Ukraina) „Eko brutalizm – nadzieja dla przyrody?”<br>Kamilla Gicala (UŚ) „<em>Ania z Zielonego Wzgórza</em>. W kręgu nieatropocentrycznej refleksji o świecie”<br>Alicja Wosik (UŚ), Andrzej Handzlik (UŚ) „<em>O kraju świadczą jego Zwierzęta</em>. Propozycje lekcji ekologicznych dla uczniów szkół podstawowych”<br>Amanda Caban (UŚ) „I żyli długo i szczęśliwie… i w futerku, i z planami na przyszłość. Storytelling w reklamach proklimatycznych”<br>Joanna Urbańczyk (UJ) „Wizerunek drzew – literackie ekokształcenie w edukacji polonistycznej”<br>mgr Justyna Szewczyk (SP nr 1 im. J. Korczaka w Pawłowicach) &#8222;<em>Oswoić</em> naturę czy być przez nią <em>oswojonym</em>? Dylematy ekologiczne na podstawie tekstów epickich i lirycznych (<em>Mały Książę</em> i <em>Liryki lozańskie</em>)&#8221;<br>Natalia Zientek  (UŚ) Anita Zaklukiewicz (UŚ) &#8222;Interpretacja obrazów na lekcjach języka polskiego z wykorzystaniem wiedzy z zakresu ekologii<em>&#8222;</em></p>



<p>Prowadzenie: dr hab. Małgorzata Wójcik-Dudek, prof. UŚ</p>

<p>Humanistyka w epoce antropocenu&nbsp; 02.06.2022&nbsp; Otwarcie konferencji 9:00–9:30 Prowadzenie: prof. dr hab. Bernadeta Niesporek-Szamburska, Dyrektorka Interdyscyplinarnego Centrum Badań nad Edukacją Humanistyczną UŚ JM Rektor UŚ – prof. dr hab. Ryszard KoziołekKRASP – prof. dr hab. Wiesław Banyś (Przewodniczący Zespołu Bolońskiego KRASP)Klub Myśli Ekologicznej – prof. dr hab. Piotr Skubała&nbsp; 9:30–10:15 Wykład inauguracyjny:&nbsp; prof. dr hab. &#8230; <a title="Dzień 2" class="read-more" href="https://geologos.us.edu.pl/index.php/program/dzien-1/" aria-label="Więcej na Dzień 2">Dowiedz się więcej</a> </p>
<p class="read-more-button-container"><a class="button" href="https://geologos.us.edu.pl/index.php/program/dzien-1/">Dowiedz się więcej</a></p>
