{"id":8,"date":"2022-05-05T17:32:00","date_gmt":"2022-05-05T17:32:00","guid":{"rendered":"https:\/\/geologos.us.edu.pl\/?page_id=8"},"modified":"2022-05-09T09:39:58","modified_gmt":"2022-05-09T09:39:58","slug":"o-konferencji","status":"publish","type":"page","link":"https:\/\/geologos.us.edu.pl\/index.php\/o-konferencji\/","title":{"rendered":"O konferencji"},"content":{"rendered":"<p>Cele konferencji:<\/p>\n<ul>\n<li>humanistyczny namys\u0142 nad ide\u0105 antropocenu -interdyscyplinarny dyskurs nad antropocenem, prowadz\u0105cy do podniesienie presti\u017cu nauk humanistycznych oraz wzbogacenie debaty o antropocenie o warto\u015bci humanistyczne;<\/li>\n<li>\u00a0prze\u0142o\u017cenie postulat\u00f3w nowoczesnej humanistyki (zw\u0142aszcza humanistyki \u015brodowiskowej) na wsp\u00f3\u0142czesne dyskursy edukacyjne<\/li>\n<li>\u00a0wypracowanie zr\u00f3\u017cnicowanych \u015bcie\u017cek dotarcia do szerokiego odbiorcy w dyskursie edukacyjnym;<\/li>\n<\/ul>\n","protected":false},"excerpt":{"rendered":"<p>Cele konferencji: humanistyczny namys\u0142 nad ide\u0105 antropocenu -interdyscyplinarny dyskurs nad antropocenem, prowadz\u0105cy do podniesienie presti\u017cu nauk humanistycznych oraz wzbogacenie debaty o antropocenie o warto\u015bci humanistyczne; \u00a0prze\u0142o\u017cenie postulat\u00f3w nowoczesnej humanistyki (zw\u0142aszcza humanistyki \u015brodowiskowej) na wsp\u00f3\u0142czesne dyskursy edukacyjne \u00a0wypracowanie zr\u00f3\u017cnicowanych \u015bcie\u017cek dotarcia do szerokiego odbiorcy w dyskursie edukacyjnym; <\/p>\n<p class=\"read-more-button-container\"><a class=\"button\" href=\"https:\/\/geologos.us.edu.pl\/index.php\/o-konferencji\/\">Dowiedz si\u0119 wi\u0119cej<\/a><\/p>\n","protected":false},"author":2,"featured_media":0,"parent":0,"menu_order":0,"comment_status":"closed","ping_status":"closed","template":"","meta":{"footnotes":""},"class_list":["post-8","page","type-page","status-publish"],"_links":{"self":[{"href":"https:\/\/geologos.us.edu.pl\/index.php\/wp-json\/wp\/v2\/pages\/8","targetHints":{"allow":["GET"]}}],"collection":[{"href":"https:\/\/geologos.us.edu.pl\/index.php\/wp-json\/wp\/v2\/pages"}],"about":[{"href":"https:\/\/geologos.us.edu.pl\/index.php\/wp-json\/wp\/v2\/types\/page"}],"author":[{"embeddable":true,"href":"https:\/\/geologos.us.edu.pl\/index.php\/wp-json\/wp\/v2\/users\/2"}],"replies":[{"embeddable":true,"href":"https:\/\/geologos.us.edu.pl\/index.php\/wp-json\/wp\/v2\/comments?post=8"}],"version-history":[{"count":3,"href":"https:\/\/geologos.us.edu.pl\/index.php\/wp-json\/wp\/v2\/pages\/8\/revisions"}],"predecessor-version":[{"id":70,"href":"https:\/\/geologos.us.edu.pl\/index.php\/wp-json\/wp\/v2\/pages\/8\/revisions\/70"}],"wp:attachment":[{"href":"https:\/\/geologos.us.edu.pl\/index.php\/wp-json\/wp\/v2\/media?parent=8"}],"curies":[{"name":"wp","href":"https:\/\/api.w.org\/{rel}","templated":true}]}}